4
Calculate the remainder when 1306 is divided by 217.
4
Calculate the remainder when 2544 is divided by 45.
24
Calculate the remainder when 41149 is divided by 114.
109
Calculate the remainder when 62 is divided by 54.
8
Calculate the remainder when 144 is divided by 16.
0
What is the remainder when 709 is divided by 21?
16
What is the remainder when 261 is divided by 127?
7
What is the remainder when 10804 is divided by 28?
24
Calculate the remainder when 242 is divided by 65.
47
What is the remainder when 2549 is divided by 146?
67
What is the remainder when 670 is divided by 7?
5
What is the remainder when 83 is divided by 38?
7
What is the remainder when 2673 is divided by 141?
135
What is the remainder when 697 is divided by 65?
47
Calculate the remainder when 1195 is divided by 40.
35
What is the remainder when 1997 is divided by 199?
7
Calculate the remainder when 45 is divided by 10.
5
Calculate the remainder when 386 is divided by 84.
50
Calculate the remainder when 225 is divided by 64.
33
What is the remainder when 368 is divided by 39?
17
Calculate the remainder when 364 is divided by 6.
4
Calculate the remainder when 243 is divided by 83.
77
Calculate the remainder when 935 is divided by 314.
307
Calculate the remainder when 13584 is divided by 21.
18
What is the remainder when 998 is divided by 111?
110
What is the remainder when 299 is divided by 71?
15
Calculate the remainder when 172 is divided by 44.
40
What is the remainder when 98 is divided by 91?
7
What is the remainder when 464 is divided by 31?
30
What is the remainder when 434 is divided by 19?
16
What is the remainder when 173 is divided by 6?
5
What is the remainder when 3212 is divided by 32?
12
Calculate the remainder when 866 is divided by 86.
6
Calculate the remainder when 40 is divided by 26.
14
Calculate the remainder when 603 is divided by 180.
63
What is the remainder when 10 is divided by 7?
3
What is the remainder when 76 is divided by 11?
10
Calculate the remainder when 19180 is divided by 16.
12
Calculate the remainder when 101 is divided by 31.
8
Calculate the remainder when 5556 is divided by 107.
99
What is the remainder when 774 is divided by 151?
19
Calculate the remainder when 262 is divided by 12.
10
Calculate the remainder when 92 is divided by 31.
30
What is the remainder when 1153 is divided by 287?
5
Calculate the remainder when 1024 is divided by 79.
76
Calculate the remainder when 51 is divided by 14.
9
Calculate the remainder when 148 is divided by 18.
4
What is the remainder when 105 is divided by 12?
9
What is the remainder when 18318 is divided by 73?
68
Calculate the remainder when 252 is divided by 11.
10
Calculate the remainder when 502 is divided by 39.
34
Calculate the remainder when 134 is divided by 47.
40
What is the remainder when 6663 is divided by 49?
48
What is the remainder when 493 is divided by 55?
53
What is the remainder when 953 is divided by 16?
9
What is the remainder when 1111 is divided by 9?
4
Calculate the remainder when 1623 is divided by 13.
11
Calculate the remainder when 328 is divided by 21.
13
What is the remainder when 212 is divided by 107?
105
Calculate the remainder when 3597 is divided by 72.
69
Calculate the remainder when 1181 is divided by 16.
13
Calculate the remainder when 322 is divided by 15.
7
Calculate the remainder when 3806 is divided by 12.
2
Calculate the remainder when 683 is divided by 113.
5
What is the remainder when 927 is divided by 292?
51
What is the remainder when 431 is divided by 66?
35
What is the remainder when 122 is divided by 31?
29
Calculate the remainder when 1542 is divided by 7.
2
What is the remainder when 4724 is divided by 237?
221
Calculate the remainder when 2615 is divided by 97.
93
What is the remainder when 359 is divided by 114?
17
Calculate the remainder when 4654 is divided by 19.
18
Calculate the remainder when 8678 is divided by 2892.
2
What is the remainder when 191 is divided by 188?
3
What is the remainder when 11109 is divided by 185?
9
Calculate the remainder when 6873 is divided by 43.
36
What is the remainder when 19436 is divided by 6475?
11
What is the remainder when 93 is divided by 28?
9
Calculate the remainder when 531 is divided by 104.
11
Calculate the remainder when 41 is divided by 30.
11
What is the remainder when 105 is divided by 85?
20
What is the remainder when 1571 is divided by 40?
11
Calculate the remainder when 108 is divided by 39.
30
What is the remainder when 1562 is divided by 68?
66
What is the remainder when 447 is divided by 21?
6
Calculate the remainder when 492 is divided by 13.
11
Calculate the remainder when 817 is divided by 407.
3
What is the remainder when 498 is divided by 27?
12
Calculate the remainder when 991 is divided by 9.
1
What is the remainder when 30 is divided by 18?
12
What is the remainder when 1777 is divided by 18?
13
What is the remainder when 3048 is divided by 52?
32
Calculate the remainder when 41 is divided by 4.
1
Calculate the remainder when 1030 is divided by 923.
107
Calculate the remainder when 1008 is divided by 114.
96
What is the remainder when 14 is divided by 8?
6
Calculate the remainder when 223 is divided by 61.
40
What is the remainder when 357 is divided by 9?
6
What is the remainder when 1282 is divided by 209?
28
What is the remainder when 2255 is divided by 245?
50
Calculate the remainder when 528 is divided by 15.
3
What is the remainder when 4015 is divided by 2006?
3
Calculate the remainder when 428 is divided by 277.
151
Calculate the remainder when 1917 is divided by 64.
61
Calculate the remainder when 240 is divided by 22.
20
What is the remainder when 11 is divided by 4?
3
Calculate the remainder when 364 is divided by 206.
158
What is the remainder when 2210 is divided by 315?
5
What is the remainder when 476 is divided by 13?
8
Calculate the remainder when 328 is divided by 47.
46
Calculate the remainder when 160 is divided by 57.
46
Calculate the remainder when 409 is divided by 184.
41
Calculate the remainder when 1153 is divided by 34.
31
Calculate the remainder when 1519 is divided by 117.
115
Calculate the remainder when 314 is divided by 79.
77
What is the remainder when 2699 is divided by 27?
26
What is the remainder when 457 is divided by 239?
218
Calculate the remainder when 14264 is divided by 14.
12
Calculate the remainder when 268 is divided by 9.
7
What is the remainder when 125 is divided by 71?
54
What is the remainder when 58 is divided by 26?
6
Calculate the remainder when 1279 is divided by 16.
15
Calculate the remainder when 237 is divided by 28.
13
Calculate the remainder when 1844 is divided by 26.
24
Calculate the remainder when 222 is divided by 113.
109
What is the remainder when 99 is divided by 18?
9
What is the remainder when 134 is divided by 6?
2
What is the remainder when 461 is divided by 2?
1
What is the remainder when 37949 is divided by 8?
5
What is the remainder when 1043 is divided by 48?
35
What is the remainder when 71 is divided by 15?
11
What is the remainder when 49 is divided by 29?
20
Calculate the remainder when 1622 is divided by 165.
137
What is the remainder when 1807 is divided by 9?
7
What is the remainder when 94 is divided by 21?
10
Calculate the remainder when 185 is divided by 52.
29
What is the remainder when 1440 is divided by 14?
12
What is the remainder when 123 is divided by 60?
3
What is the remainder when 157 is divided by 7?
3
Calculate the remainder when 104 is divided by 56.
48
What is the remainder when 1072 is divided by 23?
14
What is the remainder when 638 is divided by 14?
8
What is the remainder when 430 is divided by 39?
1
What is the remainder when 101 is divided by 57?
44
What is the remainder when 804 is divided by 8?
4
What is the remainder when 752 is divided by 43?
21
Calculate the remainder when 5299 is divided by 22.
19
Calculate the remainder when 4677 is divided by 60.
57
What is the remainder when 9039 is divided by 137?
134
Calculate the remainder when 58 is divided by 12.
10
What is the remainder when 1378 is divided by 277?
270
What is the remainder when 775 is divided by 21?
19
Calculate the remainder when 434 is divided by 266.
168
Calculate the remainder when 4630 is divided by 41.
3